3. What is the units digit of t?
7
Suppose -l - 5*z + 95 = 0, 4*z + 21 = 9. Suppose w = -w + l. What is the units digit of w?
5
Let p = 166 - 2. What is the tens digit of p?
6
Suppose -5*q + 3*g + 19 + 44 = 0, -2*q = 3*g - 21. Suppose n - 4*n = -q. What is the units digit of n?
4
Suppose 4*t = 2*t. Suppose t = -2*b + 4 - 0. Suppose 0 = q - 4 + b. What is the units digit of q?
2
Suppose -r - 3*b = 59, -2*b + 87 = -4*r - 135. Let l = r - -78. Suppose -5*z + l = 2*g, -8 = z - 2*z - 4*g. What is the units digit of z?
4
Let o(q) = q**3 + 10*q**2 - 12*q - 5. What is the tens digit of o(-9)?
8
Let i be (1/3)/(6/36). Suppose 2 = i*n, g - 350 = -3*n - 7. What is the units digit of (-2)/(-7) + g/35?
0
Let j(s) = 3*s**2 + 11*s - 4. What is the tens digit of j(-7)?
6
What is the tens digit of (5 - 4) + 47/1?
4
Suppose -4*d = -2*d. Suppose 5*w + 3*b + 1 = d, 2 = 2*b - 3*b. Let m(f) = 7*f - 1. What is the units digit of m(w)?
6
Let w(i) be the first derivative of i**2 - 2. What is the units digit of w(2)?
4
Let u be (-45)/2*24/(-9). Suppose 40 = c + 5*x + 10, 3*c = -5*x + u. What is the units digit of c?
5
Let c = 91 - -17. What is the tens digit of c?
0
Let x be 4/8*2 + -3. What is the units digit of (x + (-92)/20)*-5?
3
Let h = 763 - 490. What is the units digit of h?
3
Suppose 33 = 3*g - 12. What is the tens digit of g?
1
What is the units digit of ((-4)/(-12))/(2*(-3)/(-342))?
9
Let g(m) = m + 1. Let v be g(3). Let i = 12 - v. What is the units digit of i?
8
Suppose 0 = 3*n - 8*n + 200. What is the units digit of n?
0
Let a be 34/(-10) + 4/10. Let j(r) = r + 6. Let m be j(a). Suppose 4*q - 6*h = -m*h + 29, -5*q = 3*h - 43. What is the units digit of q?
8
Suppose 5*h - 4*w - 11 = 0, 6*w = 2*h + 2*w - 2. What is the units digit of h?
3
Let l(q) = -316*q**3 + q**2 + 2*q + 2. What is the tens digit of l(-1)?
1
Let k be 0*(0 + (-1 - -2)). Suppose -2*j + k = -2. Suppose 2*q + q + 3 = 0, 5*q = -2*m - j. What is the units digit of m?
2
Let s(d) = -23*d - 12. What is the tens digit of s(-10)?
1
Let a(p) = 7*p**2 + 5*p - 5. What is the tens digit of a(2)?
3
Let a be -1 + (-1)/(3/9). Let u = a - -4. Suppose u*f + f = 9. What is the units digit of f?
9
Suppose -h - 3*h + 228 = 0. Suppose 14 = f + 2*l, -l = 3*f - 0*l - h. What is the units digit of ((-24)/f)/(4/(-10))?
3
Suppose 5*b - 134 = -t, -2*b = 2*t - 7*b - 238. What is the tens digit of t?
2
Suppose 3*j - 2 = 10. Let a = j + -3. Let w(d) = d**2. What is the units digit of w(a)?
1
Let l be (-2)/1*(-36)/8. Suppose -n + c + l = 0, n + 4*c = 3*n - 28. What is the units digit of n?
4
Suppose -u + 13 + 19 = -5*g, -4*g - 28 = -2*u. Let i be 0 - (-2)/(-2) - g. Suppose 112 = 5*w - x, -2*w - 3*x = -i*w + 72. What is the units digit of w?
2
Let f(j) = -5*j - 4. Let l(k) = 35*k - 8. Let g(z) = 12*z - 3. Let a(h) = -17*g(h) + 6*l(h). Let v(i) = -3*a(i) - 2*f(i). What is the units digit of v(-1)?
7
Let y(r) = 5*r**2 + 8*r + 5. What is the tens digit of y(-4)?
5
What is the units digit of 6 - 6 - -28*4?
2
Let r = 1 - -2. Let k = r + -1. Suppose -y - y = -k. What is the units digit of y?
1
Let r = -8 - -5. Let q be r/(-5 - -2)*5. Suppose q - 2 = l. What is the units digit of l?
3
Let z(a) = -a**2 + 6*a - 5. Let f be z(5). Let k(r) = -r**2 - r + 2. Let j be k(0). Let w = j - f. What is the units digit of w?
2
Suppose 2*j - 16 = -2*j. Suppose 5*i + 5*y - 11 = 2*i, -y = -i + 9. Suppose 8 = -5*k + 3*b + 21, b - i = -j*k. What is the units digit of k?
2
Suppose -2 = 2*h - 0*h. What is the units digit of (1 - 2) + h - -9?
7
Suppose -3*v + 29 + 122 = 2*k, -4*k + 262 = -2*v. What is the units digit of k?
8
What is the tens digit of 18/((-4)/56*-4)?
6
Let y(u) be the third derivative of u**7/840 + u**6/360 + u**3/6 + u**2. Let i(o) be the first derivative of y(o). What is the units digit of i(1)?
2
Let x(w) = -2*w + w**3 - 3*w - 4*w**2 + 2 + 0*w**2. Let p be x(5). Suppose 0 = r + p - 8. What is the units digit of r?
6
Let n = 83 + -4. What is the units digit of n?
9
Suppose -5*v = -2*y + y + 9, -21 = -4*y + 5*v. What is the units digit of y?
4
Suppose 0*g + 14 = -g. Let l = g - -25. What is the units digit of l?
1
Suppose 0 = 5*j + 3*l - 15 - 76, 0 = -4*j - l + 77. What is the tens digit of 1 + j - (-2 - -3)?
2
Suppose 5*h - 25 = 0, -3*t - 2*t - h = -705. Suppose -5*p + 0*p = -t. What is the units digit of p?
8
Let o = 11 - 5. Let s(d) = d**2 - 4*d - 4. Let b be s(o). Suppose 2*q = b*u - 3*u + 21, -3*q + 2*u = -26. What is the units digit of q?
8
Let h(m) = m**2 - 23*m + 17. What is the units digit of h(23)?
7
Let h(y) = -y**2 - 6*y + 2. Let q = -10 - -5. What is the units digit of h(q)?
7
Let o = 3 - -9. What is the units digit of o?
2
Suppose -z - 4*z = 20, 0 = -5*u + 5*z + 1005. What is the units digit of u?
7
Let i be (36/8)/(3/(-6)). What is the tens digit of (-137)/(-9) - (-2)/i?
1
Suppose -x - 156 = -5*x. Suppose -5*a + x + 76 = 0. What is the units digit of a?
3
Let c(m) = 3*m**2 - 2*m + 6. What is the units digit of c(-3)?
9
Let t be 1 - (-6)/(-4)*-2. Suppose -16 = -3*w - 2*y, 0*w - t*y + 18 = -w. What is the units digit of w?
2
Let p(m) = m + 5. Let w be p(-5). Let f(d) = w*d + 8 - 5 + d**2 + d. What is the units digit of f(-3)?
9
What is the tens digit of (57 - 2) + 4 + -4?
5
Let q = -17 + 41. What is the units digit of q?
4
Suppose -4*q = -8*q + 124. What is the tens digit of q?
3
Let p(y) = -7*y**2 + 2*y - 1. Let m be p(1). What is the units digit of (0 - (-10)/m)*-3?
5
Suppose 5*b = 2*c - 144, -276 = -c - 3*c + 4*b. What is the units digit of c?
7
Suppose 0 = o + s + 4, -4*o + 2*s + 4 - 2 = 0. Let k be (2 + o)/(2/8). Suppose 4*q - b = -q, k*b = -q + 21. What is the units digit of q?
1
Let j be (-8)/3 - (-2)/3. Let l = 1 + j. What is the units digit of (-2)/(5/(-3) - l)?
3
Suppose -2*q - 5 = 3*q - 5*w, 8 = -2*q - w. Let j be q/(1 + 65/(-62)). Suppose -4*v = 18 - j. What is the units digit of v?
1
Let z = 5 - 5. Suppose 5*g - 6*g + 16 = z. What is the units digit of g?
6
Let w be (-2)/(-13) + 4323/39. Suppose -8*g + w = -5*g. What is the units digit of g?
7
Let p(f) = f**3 + 3*f**2 - 3*f + 3. Let l be p(-3). Let o(b) = 5*b - 7. Let m be o(3). Let i = l - m. What is the units digit of i?
4
Let w(u) = u**2 - u - 2. Let g be w(0). Let s = 4 + g. Suppose 0 = 2*i - 4*o + s, -6*i + 2*i + 16 = 2*o. What is the units digit of i?
3
Suppose i - 59 = -2*o, 5*o + 7*i = 6*i + 155. What is the tens digit of o?
3
Let g = 128 + -52. Let z = g - 21. Suppose 2 = d + d, -5*d - z = -5*r. What is the units digit of r?
2
Let u(a) = -3*a + 5. Let q(d) = 1. Let h(n) = -6*q(n) + u(n). Let o be h(-1). Let y = -1 + o. What is the units digit of y?
1
Suppose -m = -5*p - 30, 0 = -m - 3*m + 2*p + 66. What is the units digit of -5 + m - 1*-2?
2
What is the units digit of (0/(-3) - 1) + 6?
5
Let g(x) be the second derivative of x**4/12 + 6*x**2 + 2*x. What is the units digit of g(0)?
2
Let x(h) = 11*h**2 + h. Let y be x(1). Let r be 39/y + (-9)/(-12). Suppose 0 = 2*q - r*q + 8. What is the units digit of q?
4
Let a(l) = 4 - l**3 - 2 + 3*l - 6 - 6*l**2. What is the units digit of a(-7)?
4
Suppose -5*t = -3*f + 1, 0 = 4*f - 2*t - 3*t - 3. What is the units digit of 3/f*4/3?
2
Let y be (-216)/(-16)*(-4 + 2). Let j = -18 - y. What is the units digit of j?
9
What is the tens digit of (-4)/(-5)*(-660)/(-8)?
6
Suppose 5*p + 247 + 123 = 0. Let d = 127 + p. Let b = -38 + d. What is the tens digit of b?
1
Let p be ((-18)/4)/(6/(-8)). Let y be (-4)/6 + 196/p. Suppose y = 4*d + 8. What is the units digit of d?
6
Let g be 0*(1 + -2) - -3. Suppose -5 = -h - 2*k, -g*h + 2 = 2*k - 13. Suppose 0 = -2*j - h*a + 5, -2*j - 2*a - 12 = -4*j. What is the units digit of j?
5
Suppose 4*x + 5*k = 405, 360 = 3*x + x - 4*k. What is the tens digit of x?
9
Let h be (-16)/(-56) + 80/14. Suppose 0 = -a + h - 2. Suppose 10 = 2*v, 17 = a*z - 0*v + v. What is the units digit of z?
3
Suppose 0 = -a + 16 + 23. What is the tens digit of a?
3
What is the hundreds digit of ((-8)/1)/(68/(-2754))?
3
Suppose -7*l = -2*l - 80. Suppose 0 = n - l - 1. What is the tens digit of n?
1
Let o(k) = 5*k - 5. Let q be o(4). Suppose -c + q - 1 = 0. What is the tens digit of c?
1
Let h = -18 + 68. What is the tens digit of h?
5
Let z be 4/(19/10 - 2). Let f = 62 + z. What is the units digit of f?
2
Supp